ided by 2.
1
Suppose -4*u = h - 5*h + 36, 3*u + 45 = 5*h. What is the remainder when h is divided by 6?
3
Let c = 24 - -3. What is the remainder when c is divided by 6?
3
Suppose -2*q + d - 16 = -d, -3*q - 30 = 3*d. Let n = 14 + q. What is the remainder when 9 is divided by n?
4
Suppose -26*q = -28*q + 144. Calculate the remainder when q is divided by 15.
12
Let u = 22 + 13. Calculate the remainder when u is divided by 12.
11
Suppose 0 = 6*y - 2*y - w - 247, -y - 3*w + 52 = 0. Calculate the remainder when y is divided by 16.
13
Let z be (2/(-3))/(24/108). What is the remainder when 23 is divided by (-102)/(-8) - z/12?
10
Suppose -2*t + 2 = -2. Let s = 9 + -7. Calculate the remainder when t is divided by s.
0
Suppose 2*r - 42 = -u + 70, -r + 63 = -3*u. Suppose -60 = -5*w + w. Calculate the remainder when r is divided by w.
12
Let m(x) = -x**2 + 7*x + 5. Suppose -4 = 3*q - 19. Let a be m(q). Suppose -i - 4*i = -a. What is the remainder when i is divided by 3?
0
Let x(y) = -3*y - 2. Let i(n) = n**3 - 5*n**2 - n - 2. Let c be i(5). Let w be c/((-1)/(-1) - 0). What is the remainder when x(w) is divided by 10?
9
Let r(a) = -a**3 + 7*a**2 + 5*a - 6. Suppose -8*l + 16 = -6*l. What is the remainder when r(7) is divided by l?
5
Let b(s) = 2*s**2 - 11*s + 12. What is the remainder when b(10) is divided by 13?
11
Let m(k) = 2*k**2 + 4*k - 4. Let d(x) = -3*x**2 - 4*x + 5. Let a(f) = -3*d(f) - 4*m(f). Calculate the remainder when a(5) is divided by 4.
2
Let n(y) = 10*y - 3. Let q(b) = 3*b + 8*b - 2*b. Calculate the remainder when n(2) is divided by q(1).
8
Suppose 0 = -2*k - 2, k + 5 = 3*b - 2*b. Suppose -15 = -b*o + 33. Calculate the remainder when -1*(3 + 2)*-7 is divided by o.
11
Let f be (0/3)/(0 - 1). Let h(m) = -m**2 + 17. What is the remainder when 50 is divided by h(f)?
16
Suppose 2*h + 22 = 86. Calculate the remainder when 94 is divided by h.
30
Suppose 4*a = 3*x - 0*a - 8, -5*a = 4*x - 21. Suppose 5 - 13 = -4*f. Let m = x - f. Calculate the remainder when 5 is divided by m.
1
Let k(i) = i**2 - 2*i + 1. Let t = 7 - -10. Calculate the remainder when k(-6) is divided by t.
15
Let j(h) = h**2 - 3*h - 13. Let g be j(8). Suppose 0 = 3*c - 24 - g. What is the remainder when 65 is divided by c?
14
Let f = 51 + -31. Suppose -w = 3*w - 20. Suppose -3*l = -0*u - 5*u + 67, 5*u - 75 = w*l. Calculate the remainder when f is divided by u.
9
Suppose d = 5*a - 8 - 14, -2*a + 1 = -3*d. Let l(u) = 8 + u**3 + 0*u**d - 5 + 6 + 6*u + 8*u**2. What is the remainder when 61 is divided by l(-7)?
13
Let a(v) = -v**3 - 8*v**2 - 8*v + 7. Let b be 4/(-6) + 1/(-3). Let g(s) = -5*s**3 + s**2 + s. What is the remainder when a(-7) is divided by g(b)?
4
Suppose 2*i - 5*i + 9 = 0. Suppose 0*t - 102 = -i*t. What is the remainder when t is divided by 0 + 10 + (3 - 2) + 1?
10
Let k(m) = -m**3 + 6*m**2 - 4*m - 9. Let n(l) = -l**2 + 6*l - 2. Let y be n(3). Let c = y - 4. What is the remainder when k(4) is divided by c?
1
Let k(l) = -1 + 6*l + 9 - 12*l + 2*l**2. What is the remainder when k(6) is divided by 15?
14
Let p(i) = 8*i - 1. Let x(t) be the first derivative of t**3/3 - 2*t**2 + 3. Let b be x(5). Calculate the remainder when p(b) is divided by 14.
11
Suppose 10*x = 9*x + 16. Let b = -14 + x. What is the remainder when 4 is divided by b?
0
Suppose a + 2*o = 4*o + 49, -4*o - 20 = 0. What is the remainder when a is divided by 20?
19
Let w be 2 - (0 + -2 - 1). Suppose 45 = -w*q + 10*q. Suppose 5*j + 3*c = -c + 16, 5*c = -5. What is the remainder when q is divided by j?
1
Let y(b) = -2*b - 9. Let r be y(-6). Suppose 4*t - r*t = 4*s - 19, -5*t + s - 19 = 0. What is the remainder when (-26)/(-8)*(7 + t) is divided by 5?
3
What is the remainder when 6 is divided by 1/2 - (6 - 19/2)?
2
Let q = 5 + -5. Let t(l) = -l**2 + l + 17. Calculate the remainder when 50 is divided by t(q).
16
Let r(z) = z + 9. Let x be r(0). Let d = 11 - x. Suppose 0 = -4*m + 3*k + 39, -4*k - 20 + 8 = -d*m. Calculate the remainder when m is divided by 7.
5
Let u(x) = -19*x**3 - x - 1. What is the remainder when 50 is divided by u(-1)?
12
Let s = 31 - 21. Let d be (-4 - 0 - 26)*-1. Let n = d - 13. What is the remainder when n is divided by s?
7
What is the remainder when (74/(-4))/(1/(-2)) is divided by 8?
5
Let f = 6 + -4. Suppose -69 = -f*v - v. Suppose 3*s + 2*k - 40 = -2*k, 44 = 5*s + k. Calculate the remainder when v is divided by s.
7
Let u = -54 - -80. What is the remainder when u is divided by 14?
12
Suppose 2*a - 40 = -0*a + i, 5*a - i = 94. What is the remainder when 58 is divided by a?
4
Let n(z) = -z**3 - 6*z**2 - 6*z + 4. Calculate the remainder when n(-6) is divided by 6.
4
Let h(j) = -3*j - 3. Let q = -28 + 20. Calculate the remainder when h(q) is divided by (-1)/4 + (-45)/(-4).
10
Suppose -3*n = -5*c + 39, 0*c + n = -5*c + 27. Let a = 10 - c. Suppose a*r + 90 = 6*r. What is the remainder when r is divided by 23?
22
Let b = 20 - 18. What is the remainder when 60 is divided by -3 + b + (26 - 4)?
18
Suppose -6 = -4*w + h, -w - 5*h + 12 = -0. Let l = -1 + 1. Let r = 1 + l. Calculate the remainder when w is divided by r.
0
Let g be (4/12)/(2/24). Let o = g - 8. Let u(x) = -5*x + 3. Calculate the remainder when 67 is divided by u(o).
21
Suppose 3*c - 57 = 12. Suppose -u + 15 = 3*m - 19, -2*u - 40 = -3*m. What is the remainder when c is divided by m?
11
What is the remainder when 19 is divided by 7 + -4 + 0 + 2?
4
What is the remainder when 51 is divided by 9/(-15) - 272/(-20)?
12
Let n = -14 - -3. Calculate the remainder when (-277)/n - 2/11 is divided by 13.
12
Suppose 0 = 5*a - 43 - 117. What is the remainder when a is divided by 17?
15
Suppose 0*g - 4*g = -12. Let l = 0 + g. What is the remainder when 7 + (-1 - 3)/(-2) is divided by l?
0
Let i(d) = d + 13. Suppose 0 = 5*x + 30 + 210. What is the remainder when x/(-3) + -1 + 1 is divided by i(-7)?
4
Suppose 27*v - 9 = 26*v. Suppose 0 = -6*c + c + 120. What is the remainder when c is divided by v?
6
Let m be ((-21)/14)/(6/(-56)). Let w = -7 + m. What is the remainder when 12 is divided by w?
5
Suppose 2*k - 96 = -2*k. Calculate the remainder when k is divided by 14.
10
Let a = -4 - -18. What is the remainder when a is divided by 6?
2
Let q = 5 - -5. Let f = q - 6. What is the remainder when 10 is divided by f?
2
Let x(g) = -6*g**3 - 3*g**2 - 2*g. Let p be 4/3*18/(-12). Calculate the remainder when x(p) is divided by 14.
12
Suppose -42 = -11*f + 9*f. What is the remainder when 37 is divided by f?
16
Suppose 0 = -3*u - 0*u - 30. Let d be u/14 + (-4)/14. Let o(y) = 24*y**2 - y - 1. Calculate the remainder when 71 is divided by o(d).
23
Let v = 12 - 3. Let u = 10 - v. Calculate the remainder when u is divided by 1.
0
Let g be 0 + 22 + 2/(-2). Suppose 3*n + 15 = -2*n, -2*s + 3*n = -g. What is the remainder when ((-8)/s)/(5/(-135)) is divided by 19?
17
Suppose -2*k - 4*n = 2*k - 44, 2*k + 5*n = 19. What is the remainder when ((-4 - -5)*-1)/(2/(-94)) is divided by k?
11
Suppose 8 = 4*g - 24. What is the remainder when (-3)/(2 + (-33)/15) is divided by g?
7
Suppose 4*a - 5 - 7 = 0. Let u = 4 + 1. What is the remainder when u is divided by a?
2
Let q(d) = d**2 + 6*d + 2. Let l be q(-6). Suppose -l*v = 3*n - 29, 4*n - v + 3*v = 40. Calculate the remainder when n is divided by 4.
3
Let h = 36 + -25. Let f = 7 + -1. Calculate the remainder when h is divided by f.
5
Let q be -5 - 2/((-4)/2). Calculate the remainder when 6 is divided by q/(-16) - (-7)/4.
0
Suppose -2*t + 2*b = 4*b - 104, -t + 2*b = -40. Calculate the remainder when t is divided by 10.
8
Let f = 15 + -17. Calculate the remainder when (6/7)/(f/(-28)) is divided by 7.
5
Suppose 5*j = -5*y + 29 + 46, 5*y = j + 69. Calculate the remainder when 26 is divided by y.
12
Suppose 101 = 4*i + 33. What is the remainder when 49 is divided by i?
15
Suppose 3 = -3*j + 21. Let l(y) = -y**3 + 7*y**2 + 9*y - 5. What is the remainder when l(j) is divided by 22?
19
Suppose -5*q + 15 = 0, 2*q + 2*q - 17 = -5*y. Suppose -y = -5*a + 4*a. Suppose n - 2 - a = 0. What is the remainder when 8 is divided by n?
2
Suppose 5*s - 4*h - 87 = 0, 4*s - 5*h = 103 - 28. Suppose -2*y + 84 + 0 = 0. What is the remainder when y is divided by s?
12
Let q(u) = u**3 - 5*u**2 + 6*u - 6. Let y be q(4). Suppose -y*s = -2*w - 22, 3*s = -5*w + w +